{"id":5371,"date":"2025-04-26T18:46:39","date_gmt":"2025-04-26T21:46:39","guid":{"rendered":"https:\/\/www.powerdiesel.com.ar\/tienda\/?post_type=product&#038;p=5371"},"modified":"2026-01-28T17:43:41","modified_gmt":"2026-01-28T20:43:41","slug":"turbo-ford-ranger-3-0-ngd-powerstroke-754743-754743-5001s","status":"publish","type":"product","link":"https:\/\/www.powerdiesel.com.ar\/tienda\/producto\/turbo-ford-ranger-3-0-ngd-powerstroke-754743-754743-5001s\/","title":{"rendered":"Turbo Ford Ranger 3.0 NGD Powerstroke 754743 754743-5001S"},"content":{"rendered":"<table class=\"table table-striped push-top\">\n<tbody>\n<tr>\n<th>Marca:<\/th>\n<td>SLTURBO \/ JRONE (segun stock)<\/td>\n<\/tr>\n<tr>\n<th>Estado<\/th>\n<td>Nuevo<\/td>\n<\/tr>\n<tr>\n<th>Garantia<\/th>\n<td>6 meses<\/td>\n<\/tr>\n<tr>\n<th>Aplicacion<\/th>\n<td>Ford Ranger 3.0 POWERSTROKE<\/td>\n<\/tr>\n<\/tbody>\n<\/table>\n","protected":false},"excerpt":{"rendered":"<p>DESCRIPCI\u00d3N:<br \/>\nTurbo nuevo marca SLTURBO completo<\/p>\n<p>APLICACION:<br \/>\n\u2022 FORD RANGER 3.0 POWERSTROKE 2004-12 con motor NGD<\/p>\n<p>CODIGOS COMPATIBLES: 754743-0001 754743 754743-00010 754743-0002 754743-0003 754743-0004 754743-0005 754743-0006 754743-0007 754743-004093<br \/>\nCODIGO ORIGINAL: EX79526<br \/>\nMARCA: SLTURBO \/JRONE<br \/>\nESTADO: Nuevo<\/p>\n<p>FORMAS DE ENV\u00cdO:<br \/>\n&#8211; MERCADO ENV\u00cdOS<br \/>\n&#8211; DESPACHAMOS POR MICRO A TODO EL PA\u00cdS SEG\u00daN NECESIDAD DEL CLIENTE.<\/p>\n<p>FACTURACI\u00d3N:<br \/>\n-Emitimos Facturas A y B.<\/p>\n","protected":false},"featured_media":5352,"template":"","meta":{"_joinchat":[]},"product_brand":[],"product_cat":[159],"product_tag":[],"class_list":{"0":"post-5371","1":"product","2":"type-product","3":"status-publish","4":"has-post-thumbnail","6":"product_cat-turbos","8":"first","9":"instock","10":"taxable","11":"shipping-taxable","12":"purchasable","13":"product-type-simple"},"yoast_head":"<!-- This site is optimized with the Yoast SEO plugin v27.4 - https:\/\/yoast.com\/product\/yoast-seo-wordpress\/ -->\n<title>Turbo Ford Ranger 3.0 NGD Powerstroke 754743 754743-5001S -<\/title>\n<meta name=\"robots\" content=\"index, follow, max-snippet:-1, max-image-preview:large, max-video-preview:-1\" \/>\n<link rel=\"canonical\" href=\"https:\/\/www.powerdiesel.com.ar\/tienda\/producto\/turbo-ford-ranger-3-0-ngd-powerstroke-754743-754743-5001s\/\" \/>\n<meta property=\"og:locale\" content=\"es_ES\" \/>\n<meta property=\"og:type\" content=\"article\" \/>\n<meta property=\"og:title\" content=\"Turbo Ford Ranger 3.0 NGD Powerstroke 754743 754743-5001S -\" \/>\n<meta property=\"og:description\" content=\"DESCRIPCI\u00d3N: Turbo nuevo marca SLTURBO completo  APLICACION: \u2022 FORD RANGER 3.0 POWERSTROKE 2004-12 con motor NGD  CODIGOS COMPATIBLES: 754743-0001 754743 754743-00010 754743-0002 754743-0003 754743-0004 754743-0005 754743-0006 754743-0007 754743-004093 CODIGO ORIGINAL: EX79526 MARCA: SLTURBO \/JRONE ESTADO: Nuevo  FORMAS DE ENV\u00cdO: - MERCADO ENV\u00cdOS - DESPACHAMOS POR MICRO A TODO EL PA\u00cdS SEG\u00daN NECESIDAD DEL CLIENTE.  FACTURACI\u00d3N: -Emitimos Facturas A y B.\" \/>\n<meta property=\"og:url\" content=\"https:\/\/www.powerdiesel.com.ar\/tienda\/producto\/turbo-ford-ranger-3-0-ngd-powerstroke-754743-754743-5001s\/\" \/>\n<meta property=\"article:modified_time\" content=\"2026-01-28T20:43:41+00:00\" \/>\n<meta property=\"og:image\" content=\"https:\/\/www.powerdiesel.com.ar\/tienda\/wp-content\/uploads\/2025\/04\/D_NQ_NP_2X_906572-MLA73887499138_012024-F.webp\" \/>\n\t<meta property=\"og:image:width\" content=\"929\" \/>\n\t<meta property=\"og:image:height\" content=\"1006\" \/>\n\t<meta property=\"og:image:type\" content=\"image\/webp\" \/>\n<meta name=\"twitter:card\" content=\"summary_large_image\" \/>\n<meta name=\"twitter:label1\" content=\"Tiempo de lectura\" \/>\n\t<meta name=\"twitter:data1\" content=\"1 minuto\" \/>\n<script type=\"application\/ld+json\" class=\"yoast-schema-graph\">{\"@context\":\"https:\\\/\\\/schema.org\",\"@graph\":[{\"@type\":\"WebPage\",\"@id\":\"https:\\\/\\\/www.powerdiesel.com.ar\\\/tienda\\\/producto\\\/turbo-ford-ranger-3-0-ngd-powerstroke-754743-754743-5001s\\\/\",\"url\":\"https:\\\/\\\/www.powerdiesel.com.ar\\\/tienda\\\/producto\\\/turbo-ford-ranger-3-0-ngd-powerstroke-754743-754743-5001s\\\/\",\"name\":\"Turbo Ford Ranger 3.0 NGD Powerstroke 754743 754743-5001S -\",\"isPartOf\":{\"@id\":\"https:\\\/\\\/www.powerdiesel.com.ar\\\/tienda\\\/#website\"},\"primaryImageOfPage\":{\"@id\":\"https:\\\/\\\/www.powerdiesel.com.ar\\\/tienda\\\/producto\\\/turbo-ford-ranger-3-0-ngd-powerstroke-754743-754743-5001s\\\/#primaryimage\"},\"image\":{\"@id\":\"https:\\\/\\\/www.powerdiesel.com.ar\\\/tienda\\\/producto\\\/turbo-ford-ranger-3-0-ngd-powerstroke-754743-754743-5001s\\\/#primaryimage\"},\"thumbnailUrl\":\"https:\\\/\\\/www.powerdiesel.com.ar\\\/tienda\\\/wp-content\\\/uploads\\\/2025\\\/04\\\/D_NQ_NP_2X_906572-MLA73887499138_012024-F.webp\",\"datePublished\":\"2025-04-26T21:46:39+00:00\",\"dateModified\":\"2026-01-28T20:43:41+00:00\",\"breadcrumb\":{\"@id\":\"https:\\\/\\\/www.powerdiesel.com.ar\\\/tienda\\\/producto\\\/turbo-ford-ranger-3-0-ngd-powerstroke-754743-754743-5001s\\\/#breadcrumb\"},\"inLanguage\":\"es\",\"potentialAction\":[{\"@type\":\"ReadAction\",\"target\":[\"https:\\\/\\\/www.powerdiesel.com.ar\\\/tienda\\\/producto\\\/turbo-ford-ranger-3-0-ngd-powerstroke-754743-754743-5001s\\\/\"]}]},{\"@type\":\"ImageObject\",\"inLanguage\":\"es\",\"@id\":\"https:\\\/\\\/www.powerdiesel.com.ar\\\/tienda\\\/producto\\\/turbo-ford-ranger-3-0-ngd-powerstroke-754743-754743-5001s\\\/#primaryimage\",\"url\":\"https:\\\/\\\/www.powerdiesel.com.ar\\\/tienda\\\/wp-content\\\/uploads\\\/2025\\\/04\\\/D_NQ_NP_2X_906572-MLA73887499138_012024-F.webp\",\"contentUrl\":\"https:\\\/\\\/www.powerdiesel.com.ar\\\/tienda\\\/wp-content\\\/uploads\\\/2025\\\/04\\\/D_NQ_NP_2X_906572-MLA73887499138_012024-F.webp\",\"width\":929,\"height\":1006},{\"@type\":\"BreadcrumbList\",\"@id\":\"https:\\\/\\\/www.powerdiesel.com.ar\\\/tienda\\\/producto\\\/turbo-ford-ranger-3-0-ngd-powerstroke-754743-754743-5001s\\\/#breadcrumb\",\"itemListElement\":[{\"@type\":\"ListItem\",\"position\":1,\"name\":\"Portada\",\"item\":\"https:\\\/\\\/www.powerdiesel.com.ar\\\/tienda\\\/\"},{\"@type\":\"ListItem\",\"position\":2,\"name\":\"Repuestos\",\"item\":\"https:\\\/\\\/www.powerdiesel.com.ar\\\/tienda\\\/\"},{\"@type\":\"ListItem\",\"position\":3,\"name\":\"Turbo Ford Ranger 3.0 NGD Powerstroke 754743 754743-5001S\"}]},{\"@type\":\"WebSite\",\"@id\":\"https:\\\/\\\/www.powerdiesel.com.ar\\\/tienda\\\/#website\",\"url\":\"https:\\\/\\\/www.powerdiesel.com.ar\\\/tienda\\\/\",\"name\":\"\",\"description\":\"Compra Asegurada!\",\"potentialAction\":[{\"@type\":\"SearchAction\",\"target\":{\"@type\":\"EntryPoint\",\"urlTemplate\":\"https:\\\/\\\/www.powerdiesel.com.ar\\\/tienda\\\/?s={search_term_string}\"},\"query-input\":{\"@type\":\"PropertyValueSpecification\",\"valueRequired\":true,\"valueName\":\"search_term_string\"}}],\"inLanguage\":\"es\"}]}<\/script>\n<!-- \/ Yoast SEO plugin. -->","yoast_head_json":{"title":"Turbo Ford Ranger 3.0 NGD Powerstroke 754743 754743-5001S -","robots":{"index":"index","follow":"follow","max-snippet":"max-snippet:-1","max-image-preview":"max-image-preview:large","max-video-preview":"max-video-preview:-1"},"canonical":"https:\/\/www.powerdiesel.com.ar\/tienda\/producto\/turbo-ford-ranger-3-0-ngd-powerstroke-754743-754743-5001s\/","og_locale":"es_ES","og_type":"article","og_title":"Turbo Ford Ranger 3.0 NGD Powerstroke 754743 754743-5001S -","og_description":"DESCRIPCI\u00d3N: Turbo nuevo marca SLTURBO completo  APLICACION: \u2022 FORD RANGER 3.0 POWERSTROKE 2004-12 con motor NGD  CODIGOS COMPATIBLES: 754743-0001 754743 754743-00010 754743-0002 754743-0003 754743-0004 754743-0005 754743-0006 754743-0007 754743-004093 CODIGO ORIGINAL: EX79526 MARCA: SLTURBO \/JRONE ESTADO: Nuevo  FORMAS DE ENV\u00cdO: - MERCADO ENV\u00cdOS - DESPACHAMOS POR MICRO A TODO EL PA\u00cdS SEG\u00daN NECESIDAD DEL CLIENTE.  FACTURACI\u00d3N: -Emitimos Facturas A y B.","og_url":"https:\/\/www.powerdiesel.com.ar\/tienda\/producto\/turbo-ford-ranger-3-0-ngd-powerstroke-754743-754743-5001s\/","article_modified_time":"2026-01-28T20:43:41+00:00","og_image":[{"width":929,"height":1006,"url":"https:\/\/www.powerdiesel.com.ar\/tienda\/wp-content\/uploads\/2025\/04\/D_NQ_NP_2X_906572-MLA73887499138_012024-F.webp","type":"image\/webp"}],"twitter_card":"summary_large_image","twitter_misc":{"Tiempo de lectura":"1 minuto"},"schema":{"@context":"https:\/\/schema.org","@graph":[{"@type":"WebPage","@id":"https:\/\/www.powerdiesel.com.ar\/tienda\/producto\/turbo-ford-ranger-3-0-ngd-powerstroke-754743-754743-5001s\/","url":"https:\/\/www.powerdiesel.com.ar\/tienda\/producto\/turbo-ford-ranger-3-0-ngd-powerstroke-754743-754743-5001s\/","name":"Turbo Ford Ranger 3.0 NGD Powerstroke 754743 754743-5001S -","isPartOf":{"@id":"https:\/\/www.powerdiesel.com.ar\/tienda\/#website"},"primaryImageOfPage":{"@id":"https:\/\/www.powerdiesel.com.ar\/tienda\/producto\/turbo-ford-ranger-3-0-ngd-powerstroke-754743-754743-5001s\/#primaryimage"},"image":{"@id":"https:\/\/www.powerdiesel.com.ar\/tienda\/producto\/turbo-ford-ranger-3-0-ngd-powerstroke-754743-754743-5001s\/#primaryimage"},"thumbnailUrl":"https:\/\/www.powerdiesel.com.ar\/tienda\/wp-content\/uploads\/2025\/04\/D_NQ_NP_2X_906572-MLA73887499138_012024-F.webp","datePublished":"2025-04-26T21:46:39+00:00","dateModified":"2026-01-28T20:43:41+00:00","breadcrumb":{"@id":"https:\/\/www.powerdiesel.com.ar\/tienda\/producto\/turbo-ford-ranger-3-0-ngd-powerstroke-754743-754743-5001s\/#breadcrumb"},"inLanguage":"es","potentialAction":[{"@type":"ReadAction","target":["https:\/\/www.powerdiesel.com.ar\/tienda\/producto\/turbo-ford-ranger-3-0-ngd-powerstroke-754743-754743-5001s\/"]}]},{"@type":"ImageObject","inLanguage":"es","@id":"https:\/\/www.powerdiesel.com.ar\/tienda\/producto\/turbo-ford-ranger-3-0-ngd-powerstroke-754743-754743-5001s\/#primaryimage","url":"https:\/\/www.powerdiesel.com.ar\/tienda\/wp-content\/uploads\/2025\/04\/D_NQ_NP_2X_906572-MLA73887499138_012024-F.webp","contentUrl":"https:\/\/www.powerdiesel.com.ar\/tienda\/wp-content\/uploads\/2025\/04\/D_NQ_NP_2X_906572-MLA73887499138_012024-F.webp","width":929,"height":1006},{"@type":"BreadcrumbList","@id":"https:\/\/www.powerdiesel.com.ar\/tienda\/producto\/turbo-ford-ranger-3-0-ngd-powerstroke-754743-754743-5001s\/#breadcrumb","itemListElement":[{"@type":"ListItem","position":1,"name":"Portada","item":"https:\/\/www.powerdiesel.com.ar\/tienda\/"},{"@type":"ListItem","position":2,"name":"Repuestos","item":"https:\/\/www.powerdiesel.com.ar\/tienda\/"},{"@type":"ListItem","position":3,"name":"Turbo Ford Ranger 3.0 NGD Powerstroke 754743 754743-5001S"}]},{"@type":"WebSite","@id":"https:\/\/www.powerdiesel.com.ar\/tienda\/#website","url":"https:\/\/www.powerdiesel.com.ar\/tienda\/","name":"","description":"Compra Asegurada!","potentialAction":[{"@type":"SearchAction","target":{"@type":"EntryPoint","urlTemplate":"https:\/\/www.powerdiesel.com.ar\/tienda\/?s={search_term_string}"},"query-input":{"@type":"PropertyValueSpecification","valueRequired":true,"valueName":"search_term_string"}}],"inLanguage":"es"}]}},"_links":{"self":[{"href":"https:\/\/www.powerdiesel.com.ar\/tienda\/wp-json\/wp\/v2\/product\/5371","targetHints":{"allow":["GET"]}}],"collection":[{"href":"https:\/\/www.powerdiesel.com.ar\/tienda\/wp-json\/wp\/v2\/product"}],"about":[{"href":"https:\/\/www.powerdiesel.com.ar\/tienda\/wp-json\/wp\/v2\/types\/product"}],"wp:featuredmedia":[{"embeddable":true,"href":"https:\/\/www.powerdiesel.com.ar\/tienda\/wp-json\/wp\/v2\/media\/5352"}],"wp:attachment":[{"href":"https:\/\/www.powerdiesel.com.ar\/tienda\/wp-json\/wp\/v2\/media?parent=5371"}],"wp:term":[{"taxonomy":"product_brand","embeddable":true,"href":"https:\/\/www.powerdiesel.com.ar\/tienda\/wp-json\/wp\/v2\/product_brand?post=5371"},{"taxonomy":"product_cat","embeddable":true,"href":"https:\/\/www.powerdiesel.com.ar\/tienda\/wp-json\/wp\/v2\/product_cat?post=5371"},{"taxonomy":"product_tag","embeddable":true,"href":"https:\/\/www.powerdiesel.com.ar\/tienda\/wp-json\/wp\/v2\/product_tag?post=5371"}],"curies":[{"name":"wp","href":"https:\/\/api.w.org\/{rel}","templated":true}]}}