{"id":5195,"date":"2023-04-08T14:04:19","date_gmt":"2023-04-08T17:04:19","guid":{"rendered":"https:\/\/www.powerdiesel.com.ar\/tienda\/?post_type=product&#038;p=5195"},"modified":"2023-04-08T14:04:21","modified_gmt":"2023-04-08T17:04:21","slug":"motor-de-arranque-cummins-isb-5-9l-montaje-izquierdo-navistar-mwm-4-8l-euro","status":"publish","type":"product","link":"https:\/\/www.powerdiesel.com.ar\/tienda\/producto\/motor-de-arranque-cummins-isb-5-9l-montaje-izquierdo-navistar-mwm-4-8l-euro\/","title":{"rendered":"Motor de arranque Cummins ISB 5.9L Montaje izquierdo &#8211; Navistar MWM 4.8L EURO"},"content":{"rendered":"<table class=\"table table-striped push-top\">\n<tbody>\n<tr>\n<th>Marca:<\/th>\n<td>LUCAS<\/td>\n<\/tr>\n<tr>\n<th>Estado<\/th>\n<td>Nuevo cerrado en caja<\/td>\n<\/tr>\n<tr>\n<th>Garantia<\/th>\n<td>Si, Cambio por falla<\/td>\n<\/tr>\n<tr>\n<th>Aplicacion<\/th>\n<td>\n<table width=\"547\">\n<tbody>\n<tr>\n<td width=\"547\">Cummins ISB 5.9L<br \/>\nVT365 International<br \/>\nNavistar MWM 4.8L EURO<br \/>\nMB 904 \/ 906 Camion M2 -MB 904 \/ 906 Camion urbano<br \/>\nMB BR 900\/300<br \/>\nVW Worker Cummins ISBe 3.9 (VW 8-150_ 9-150) &amp; 5.9L EURO I<br \/>\nCummins ISB 4 y 6 Cil 4.8 y 5.9L EURO I<br \/>\nDINA Dicker &#8211; Cummins ISF 3.8L<\/td>\n<\/tr>\n<\/tbody>\n<\/table>\n<\/td>\n<\/tr>\n<\/tbody>\n<\/table>\n","protected":false},"excerpt":{"rendered":"<p>MOTOR DE ARRANQUE LINEA PESADA LRSC080058<\/p>\n<p>Familia: 28MT<br \/>\nTipo: DELCO<br \/>\nVolts (V): 12 \/ 24<br \/>\nPotencia (Kw): 4,0<br \/>\nDientes: 10<br \/>\nSentido de Rotaci\u00f3n: Horario<br \/>\nDi\u00e1metro Aro de encastre (mm): 89<br \/>\nDi\u00e1metro externo del pi\u00f1\u00f3n (mm): 32<br \/>\nDist. base de encastre a pi\u00f1on (mm): 45<br \/>\nCantidad de agujeros: 3<br \/>\nDistancia entre agujeros D1 (mm): 89<br \/>\nDistancia entre agujeros D2 (mm): 127<br \/>\nDistancia entre agujeros D3 (mm): 89<br \/>\nDi\u00e1m.de agujeros (mm): 11<\/p>\n<p>Comentario: EMBRAGUE SUMERGIDO EN ACEITE<\/p>\n<p>VEHICULOS APLICABLES:<br \/>\n\u2022 Cummins ISB 5.9L Montaje izquierdo<br \/>\n\u2022 Navistar MWM 4.8L EURO II y III<br \/>\n\u2022 International MWM 7.2L 6 Cil EURO IV &#8211; VT365 International &#8211; International MWM 4 y 6 Cil-Cummins ISB 5.9L Montaje derecho<br \/>\n\u2022 MB 904 \/ 906 Camion M2 -MB 904_ 906 Camion urbano<br \/>\n\u2022 MB BR 900\/300<br \/>\n\u2022 VW Worker Cummins ISBe 3.9 (VW 8-150_ 9-150) &amp; 5.9L EURO III<br \/>\n\u2022 Cummins ISB 4 y 6 Cil 4.8 y 5.9L EURO III_ DINA Dicker<br \/>\n\u2022 Cummins ISF 3.8L<\/p>\n<p>EQUIVALENCIA:<br \/>\n\u2022 DELCO 10461477, 10461480, 10465151, 10465314, 10479615, 10479618, 10479625, 10479638, 10479641, 10479644, 19011402, 323504<br \/>\n\u2022 FORD F7HT11001FA, F7HT11002FA, SA803, SA847, F3HT11001DB, F3HT11001DC, F3HZ11001B, F3HZ11002B, F4HT11001BA<br \/>\n\u2022 NIKKO 0230002380, 0230002440, 0230002444, 0230002480, 0240003200, 0230002230, 0230002234<br \/>\n\u2022 INDIEL 35259630<br \/>\n\u2022 UNIPOINT STR7056<br \/>\n\u2022 LESTER 6585<br \/>\n\u2022 CUMMINS 3924410, 3935071, 3675172RX &#8211; CARGO 112253<br \/>\n\u2022 KENWORTH 19011402, 19011407<br \/>\n\u2022 INTERNATIONAL 8200326, 8200875<br \/>\n\u2022 FREIGHTLINER \/ M. BENZ 19011400, 19011403, 8200103<br \/>\n\u2022 VW 8200478<br \/>\n\u2022 DINA 8200064<br \/>\n\u2022 FOTON 8200911<\/p>\n<p>FORMAS DE ENV\u00cdO:<br \/>\n&#8211; MERCADO ENV\u00cdOS<br \/>\n&#8211; DESPACHAMOS POR MICRO A TODO EL PA\u00cdS SEG\u00daN NECESIDAD DEL CLIENTE.<\/p>\n<p>FORMAS DE PAGO:<br \/>\n&#8211; MERCADO PAGO<br \/>\n&#8211; CONSULTAR POR OTROS MEDIOS (MENOR $)<\/p>\n<p>FACTURACI\u00d3N:<br \/>\n-Emitimos Facturas A y B.<\/p>\n<p>Somos POWER DIESEL.<br \/>\nVenta de repuestos originales y alternativos<\/p>\n","protected":false},"featured_media":5196,"template":"","meta":{"_joinchat":[]},"product_brand":[],"product_cat":[150,148],"product_tag":[],"class_list":{"0":"post-5195","1":"product","2":"type-product","3":"status-publish","4":"has-post-thumbnail","6":"product_cat-linea-pesada","7":"product_cat-motor-de-arranque","9":"first","10":"instock","11":"taxable","12":"shipping-taxable","13":"product-type-simple"},"yoast_head":"<!-- This site is optimized with the Yoast SEO plugin v27.4 - https:\/\/yoast.com\/product\/yoast-seo-wordpress\/ -->\n<title>Motor de arranque Cummins ISB 5.9L Montaje izquierdo - Navistar MWM 4.8L EURO -<\/title>\n<meta name=\"description\" content=\"Todos nuestros productos son de primera calidad, vienen en su packaging correspondiente. Hacemos env\u00edos a todo el Pais por correo o encomienda.\" \/>\n<meta name=\"robots\" content=\"index, follow, max-snippet:-1, max-image-preview:large, max-video-preview:-1\" \/>\n<link rel=\"canonical\" href=\"https:\/\/www.powerdiesel.com.ar\/tienda\/producto\/motor-de-arranque-cummins-isb-5-9l-montaje-izquierdo-navistar-mwm-4-8l-euro\/\" \/>\n<meta property=\"og:locale\" content=\"es_ES\" \/>\n<meta property=\"og:type\" content=\"article\" \/>\n<meta property=\"og:title\" content=\"Motor de arranque Cummins ISB 5.9L Montaje izquierdo - Navistar MWM 4.8L EURO -\" \/>\n<meta property=\"og:description\" content=\"Todos nuestros productos son de primera calidad, vienen en su packaging correspondiente. Hacemos env\u00edos a todo el Pais por correo o encomienda.\" \/>\n<meta property=\"og:url\" content=\"https:\/\/www.powerdiesel.com.ar\/tienda\/producto\/motor-de-arranque-cummins-isb-5-9l-montaje-izquierdo-navistar-mwm-4-8l-euro\/\" \/>\n<meta property=\"article:modified_time\" content=\"2023-04-08T17:04:21+00:00\" \/>\n<meta property=\"og:image\" content=\"https:\/\/www.powerdiesel.com.ar\/tienda\/wp-content\/uploads\/2023\/04\/LRSC080058.jpg\" \/>\n\t<meta property=\"og:image:width\" content=\"1181\" \/>\n\t<meta property=\"og:image:height\" content=\"1181\" \/>\n\t<meta property=\"og:image:type\" content=\"image\/jpeg\" \/>\n<meta name=\"twitter:card\" content=\"summary_large_image\" \/>\n<meta name=\"twitter:label1\" content=\"Tiempo de lectura\" \/>\n\t<meta name=\"twitter:data1\" content=\"1 minuto\" \/>\n<script type=\"application\/ld+json\" class=\"yoast-schema-graph\">{\"@context\":\"https:\\\/\\\/schema.org\",\"@graph\":[{\"@type\":\"WebPage\",\"@id\":\"https:\\\/\\\/www.powerdiesel.com.ar\\\/tienda\\\/producto\\\/motor-de-arranque-cummins-isb-5-9l-montaje-izquierdo-navistar-mwm-4-8l-euro\\\/\",\"url\":\"https:\\\/\\\/www.powerdiesel.com.ar\\\/tienda\\\/producto\\\/motor-de-arranque-cummins-isb-5-9l-montaje-izquierdo-navistar-mwm-4-8l-euro\\\/\",\"name\":\"Motor de arranque Cummins ISB 5.9L Montaje izquierdo - Navistar MWM 4.8L EURO -\",\"isPartOf\":{\"@id\":\"https:\\\/\\\/www.powerdiesel.com.ar\\\/tienda\\\/#website\"},\"primaryImageOfPage\":{\"@id\":\"https:\\\/\\\/www.powerdiesel.com.ar\\\/tienda\\\/producto\\\/motor-de-arranque-cummins-isb-5-9l-montaje-izquierdo-navistar-mwm-4-8l-euro\\\/#primaryimage\"},\"image\":{\"@id\":\"https:\\\/\\\/www.powerdiesel.com.ar\\\/tienda\\\/producto\\\/motor-de-arranque-cummins-isb-5-9l-montaje-izquierdo-navistar-mwm-4-8l-euro\\\/#primaryimage\"},\"thumbnailUrl\":\"https:\\\/\\\/www.powerdiesel.com.ar\\\/tienda\\\/wp-content\\\/uploads\\\/2023\\\/04\\\/LRSC080058.jpg\",\"datePublished\":\"2023-04-08T17:04:19+00:00\",\"dateModified\":\"2023-04-08T17:04:21+00:00\",\"description\":\"Todos nuestros productos son de primera calidad, vienen en su packaging correspondiente. Hacemos env\u00edos a todo el Pais por correo o encomienda.\",\"breadcrumb\":{\"@id\":\"https:\\\/\\\/www.powerdiesel.com.ar\\\/tienda\\\/producto\\\/motor-de-arranque-cummins-isb-5-9l-montaje-izquierdo-navistar-mwm-4-8l-euro\\\/#breadcrumb\"},\"inLanguage\":\"es\",\"potentialAction\":[{\"@type\":\"ReadAction\",\"target\":[\"https:\\\/\\\/www.powerdiesel.com.ar\\\/tienda\\\/producto\\\/motor-de-arranque-cummins-isb-5-9l-montaje-izquierdo-navistar-mwm-4-8l-euro\\\/\"]}]},{\"@type\":\"ImageObject\",\"inLanguage\":\"es\",\"@id\":\"https:\\\/\\\/www.powerdiesel.com.ar\\\/tienda\\\/producto\\\/motor-de-arranque-cummins-isb-5-9l-montaje-izquierdo-navistar-mwm-4-8l-euro\\\/#primaryimage\",\"url\":\"https:\\\/\\\/www.powerdiesel.com.ar\\\/tienda\\\/wp-content\\\/uploads\\\/2023\\\/04\\\/LRSC080058.jpg\",\"contentUrl\":\"https:\\\/\\\/www.powerdiesel.com.ar\\\/tienda\\\/wp-content\\\/uploads\\\/2023\\\/04\\\/LRSC080058.jpg\",\"width\":1181,\"height\":1181},{\"@type\":\"BreadcrumbList\",\"@id\":\"https:\\\/\\\/www.powerdiesel.com.ar\\\/tienda\\\/producto\\\/motor-de-arranque-cummins-isb-5-9l-montaje-izquierdo-navistar-mwm-4-8l-euro\\\/#breadcrumb\",\"itemListElement\":[{\"@type\":\"ListItem\",\"position\":1,\"name\":\"Portada\",\"item\":\"https:\\\/\\\/www.powerdiesel.com.ar\\\/tienda\\\/\"},{\"@type\":\"ListItem\",\"position\":2,\"name\":\"Repuestos\",\"item\":\"https:\\\/\\\/www.powerdiesel.com.ar\\\/tienda\\\/\"},{\"@type\":\"ListItem\",\"position\":3,\"name\":\"Motor de arranque Cummins ISB 5.9L Montaje izquierdo &#8211; Navistar MWM 4.8L EURO\"}]},{\"@type\":\"WebSite\",\"@id\":\"https:\\\/\\\/www.powerdiesel.com.ar\\\/tienda\\\/#website\",\"url\":\"https:\\\/\\\/www.powerdiesel.com.ar\\\/tienda\\\/\",\"name\":\"\",\"description\":\"Compra Asegurada!\",\"potentialAction\":[{\"@type\":\"SearchAction\",\"target\":{\"@type\":\"EntryPoint\",\"urlTemplate\":\"https:\\\/\\\/www.powerdiesel.com.ar\\\/tienda\\\/?s={search_term_string}\"},\"query-input\":{\"@type\":\"PropertyValueSpecification\",\"valueRequired\":true,\"valueName\":\"search_term_string\"}}],\"inLanguage\":\"es\"}]}<\/script>\n<!-- \/ Yoast SEO plugin. -->","yoast_head_json":{"title":"Motor de arranque Cummins ISB 5.9L Montaje izquierdo - Navistar MWM 4.8L EURO -","description":"Todos nuestros productos son de primera calidad, vienen en su packaging correspondiente. Hacemos env\u00edos a todo el Pais por correo o encomienda.","robots":{"index":"index","follow":"follow","max-snippet":"max-snippet:-1","max-image-preview":"max-image-preview:large","max-video-preview":"max-video-preview:-1"},"canonical":"https:\/\/www.powerdiesel.com.ar\/tienda\/producto\/motor-de-arranque-cummins-isb-5-9l-montaje-izquierdo-navistar-mwm-4-8l-euro\/","og_locale":"es_ES","og_type":"article","og_title":"Motor de arranque Cummins ISB 5.9L Montaje izquierdo - Navistar MWM 4.8L EURO -","og_description":"Todos nuestros productos son de primera calidad, vienen en su packaging correspondiente. Hacemos env\u00edos a todo el Pais por correo o encomienda.","og_url":"https:\/\/www.powerdiesel.com.ar\/tienda\/producto\/motor-de-arranque-cummins-isb-5-9l-montaje-izquierdo-navistar-mwm-4-8l-euro\/","article_modified_time":"2023-04-08T17:04:21+00:00","og_image":[{"width":1181,"height":1181,"url":"https:\/\/www.powerdiesel.com.ar\/tienda\/wp-content\/uploads\/2023\/04\/LRSC080058.jpg","type":"image\/jpeg"}],"twitter_card":"summary_large_image","twitter_misc":{"Tiempo de lectura":"1 minuto"},"schema":{"@context":"https:\/\/schema.org","@graph":[{"@type":"WebPage","@id":"https:\/\/www.powerdiesel.com.ar\/tienda\/producto\/motor-de-arranque-cummins-isb-5-9l-montaje-izquierdo-navistar-mwm-4-8l-euro\/","url":"https:\/\/www.powerdiesel.com.ar\/tienda\/producto\/motor-de-arranque-cummins-isb-5-9l-montaje-izquierdo-navistar-mwm-4-8l-euro\/","name":"Motor de arranque Cummins ISB 5.9L Montaje izquierdo - Navistar MWM 4.8L EURO -","isPartOf":{"@id":"https:\/\/www.powerdiesel.com.ar\/tienda\/#website"},"primaryImageOfPage":{"@id":"https:\/\/www.powerdiesel.com.ar\/tienda\/producto\/motor-de-arranque-cummins-isb-5-9l-montaje-izquierdo-navistar-mwm-4-8l-euro\/#primaryimage"},"image":{"@id":"https:\/\/www.powerdiesel.com.ar\/tienda\/producto\/motor-de-arranque-cummins-isb-5-9l-montaje-izquierdo-navistar-mwm-4-8l-euro\/#primaryimage"},"thumbnailUrl":"https:\/\/www.powerdiesel.com.ar\/tienda\/wp-content\/uploads\/2023\/04\/LRSC080058.jpg","datePublished":"2023-04-08T17:04:19+00:00","dateModified":"2023-04-08T17:04:21+00:00","description":"Todos nuestros productos son de primera calidad, vienen en su packaging correspondiente. Hacemos env\u00edos a todo el Pais por correo o encomienda.","breadcrumb":{"@id":"https:\/\/www.powerdiesel.com.ar\/tienda\/producto\/motor-de-arranque-cummins-isb-5-9l-montaje-izquierdo-navistar-mwm-4-8l-euro\/#breadcrumb"},"inLanguage":"es","potentialAction":[{"@type":"ReadAction","target":["https:\/\/www.powerdiesel.com.ar\/tienda\/producto\/motor-de-arranque-cummins-isb-5-9l-montaje-izquierdo-navistar-mwm-4-8l-euro\/"]}]},{"@type":"ImageObject","inLanguage":"es","@id":"https:\/\/www.powerdiesel.com.ar\/tienda\/producto\/motor-de-arranque-cummins-isb-5-9l-montaje-izquierdo-navistar-mwm-4-8l-euro\/#primaryimage","url":"https:\/\/www.powerdiesel.com.ar\/tienda\/wp-content\/uploads\/2023\/04\/LRSC080058.jpg","contentUrl":"https:\/\/www.powerdiesel.com.ar\/tienda\/wp-content\/uploads\/2023\/04\/LRSC080058.jpg","width":1181,"height":1181},{"@type":"BreadcrumbList","@id":"https:\/\/www.powerdiesel.com.ar\/tienda\/producto\/motor-de-arranque-cummins-isb-5-9l-montaje-izquierdo-navistar-mwm-4-8l-euro\/#breadcrumb","itemListElement":[{"@type":"ListItem","position":1,"name":"Portada","item":"https:\/\/www.powerdiesel.com.ar\/tienda\/"},{"@type":"ListItem","position":2,"name":"Repuestos","item":"https:\/\/www.powerdiesel.com.ar\/tienda\/"},{"@type":"ListItem","position":3,"name":"Motor de arranque Cummins ISB 5.9L Montaje izquierdo &#8211; Navistar MWM 4.8L EURO"}]},{"@type":"WebSite","@id":"https:\/\/www.powerdiesel.com.ar\/tienda\/#website","url":"https:\/\/www.powerdiesel.com.ar\/tienda\/","name":"","description":"Compra Asegurada!","potentialAction":[{"@type":"SearchAction","target":{"@type":"EntryPoint","urlTemplate":"https:\/\/www.powerdiesel.com.ar\/tienda\/?s={search_term_string}"},"query-input":{"@type":"PropertyValueSpecification","valueRequired":true,"valueName":"search_term_string"}}],"inLanguage":"es"}]}},"_links":{"self":[{"href":"https:\/\/www.powerdiesel.com.ar\/tienda\/wp-json\/wp\/v2\/product\/5195","targetHints":{"allow":["GET"]}}],"collection":[{"href":"https:\/\/www.powerdiesel.com.ar\/tienda\/wp-json\/wp\/v2\/product"}],"about":[{"href":"https:\/\/www.powerdiesel.com.ar\/tienda\/wp-json\/wp\/v2\/types\/product"}],"wp:featuredmedia":[{"embeddable":true,"href":"https:\/\/www.powerdiesel.com.ar\/tienda\/wp-json\/wp\/v2\/media\/5196"}],"wp:attachment":[{"href":"https:\/\/www.powerdiesel.com.ar\/tienda\/wp-json\/wp\/v2\/media?parent=5195"}],"wp:term":[{"taxonomy":"product_brand","embeddable":true,"href":"https:\/\/www.powerdiesel.com.ar\/tienda\/wp-json\/wp\/v2\/product_brand?post=5195"},{"taxonomy":"product_cat","embeddable":true,"href":"https:\/\/www.powerdiesel.com.ar\/tienda\/wp-json\/wp\/v2\/product_cat?post=5195"},{"taxonomy":"product_tag","embeddable":true,"href":"https:\/\/www.powerdiesel.com.ar\/tienda\/wp-json\/wp\/v2\/product_tag?post=5195"}],"curies":[{"name":"wp","href":"https:\/\/api.w.org\/{rel}","templated":true}]}}