{"id":5193,"date":"2023-04-08T13:27:53","date_gmt":"2023-04-08T16:27:53","guid":{"rendered":"https:\/\/www.powerdiesel.com.ar\/tienda\/?post_type=product&#038;p=5193"},"modified":"2023-04-08T13:27:54","modified_gmt":"2023-04-08T16:27:54","slug":"motor-de-arranque-volvo-vw-constellation-agrale","status":"publish","type":"product","link":"https:\/\/www.powerdiesel.com.ar\/tienda\/producto\/motor-de-arranque-volvo-vw-constellation-agrale\/","title":{"rendered":"Motor de Arranque Volvo &#8211; VW Constellation &#8211; Agrale"},"content":{"rendered":"<table class=\"table table-striped push-top\">\n<tbody>\n<tr>\n<th>Marca:<\/th>\n<td>LUCAS<\/td>\n<\/tr>\n<tr>\n<th>Estado<\/th>\n<td>Nuevo cerrado en caja<\/td>\n<\/tr>\n<tr>\n<th>Garantia<\/th>\n<td>Si, Cambio por falla<\/td>\n<\/tr>\n<tr>\n<th>Aplicacion<\/th>\n<td>\n<table width=\"547\">\n<tbody>\n<tr>\n<td width=\"547\">Camion Volvo &#8211; VW Constellation &#8211; Agrale<\/td>\n<\/tr>\n<\/tbody>\n<\/table>\n<\/td>\n<\/tr>\n<\/tbody>\n<\/table>\n","protected":false},"excerpt":{"rendered":"<p>MOTOR DE ARRANQUE LINEA PESADA LRSC080057<\/p>\n<p>Familia: 29MT<br \/>\nTipo: DELCO<br \/>\nVolts (V): 24<br \/>\nPotencia (Kw): 4,0<br \/>\nDientes: 10<br \/>\nSentido de Rotaci\u00f3n: Horario<br \/>\nDi\u00e1metro Aro de encastre (mm): 98<br \/>\nDi\u00e1metro externo del pi\u00f1\u00f3n (mm): 37<br \/>\nDist. base de encastre a pi\u00f1on (mm): 25<br \/>\nCantidad de agujeros: 3<br \/>\nDistancia entre agujeros D1 (mm): 90<br \/>\nDistancia entre agujeros D2 (mm): 90<br \/>\nDistancia entre agujeros D3 (mm): 127<br \/>\nDi\u00e1m.de agujeros (mm): 10<\/p>\n<p>VEHICULOS APLICABLES:<br \/>\n\u2022 Volvo<br \/>\n\u2022 VW Constellation<br \/>\n\u2022 Agrale<\/p>\n<p>EQUIVALENCIA:<br \/>\n\u2022 VOLKSWAGEN TAR911023, 2S0911023A, 2W0911023A, 2R0911023C<br \/>\n\u2022 PRESTOLITE 35259440, 35259770, 35261990, 35262170<br \/>\n\u2022 MAHLE MS311, 72735939<br \/>\n\u2022 ISKRA AZJ3282, 11130784, IS0784<br \/>\n\u2022 BOSCH 9000453079<br \/>\n\u2022 MITSUBISHI M009T62571, M009T62572, M9T62571, M9T62572<br \/>\n\u2022 MWM 7001643C1, 905720100080, 905720100092, 7004303C1<br \/>\n\u2022 DELCO 8200357, 8200850, 35259240<br \/>\n\u2022 LESTER 6365, 6365N<\/p>\n<p>FORMAS DE ENV\u00cdO:<br \/>\n&#8211; MERCADO ENV\u00cdOS<br \/>\n&#8211; DESPACHAMOS POR MICRO A TODO EL PA\u00cdS SEG\u00daN NECESIDAD DEL CLIENTE.<\/p>\n<p>FORMAS DE PAGO:<br \/>\n&#8211; MERCADO PAGO<br \/>\n&#8211; CONSULTAR POR OTROS MEDIOS (MENOR $)<\/p>\n<p>FACTURACI\u00d3N:<br \/>\n-Emitimos Facturas A y B.<\/p>\n<p>Somos POWER DIESEL.<br \/>\nVenta de repuestos originales y alternativos<\/p>\n","protected":false},"featured_media":5194,"template":"","meta":{"_joinchat":[]},"product_brand":[],"product_cat":[150,148],"product_tag":[152,151],"class_list":{"0":"post-5193","1":"product","2":"type-product","3":"status-publish","4":"has-post-thumbnail","6":"product_cat-linea-pesada","7":"product_cat-motor-de-arranque","8":"product_tag-constellation","9":"product_tag-motor-de-arranque","11":"first","12":"instock","13":"taxable","14":"shipping-taxable","15":"product-type-simple"},"yoast_head":"<!-- This site is optimized with the Yoast SEO plugin v27.4 - https:\/\/yoast.com\/product\/yoast-seo-wordpress\/ -->\n<title>Motor de Arranque Volvo - VW Constellation - Agrale -<\/title>\n<meta name=\"description\" content=\"Todos nuestros productos son de primera calidad, vienen en su packaging correspondiente. Hacemos env\u00edos a todo el Pais por correo o encomienda.\" \/>\n<meta name=\"robots\" content=\"index, follow, max-snippet:-1, max-image-preview:large, max-video-preview:-1\" \/>\n<link rel=\"canonical\" href=\"https:\/\/www.powerdiesel.com.ar\/tienda\/producto\/motor-de-arranque-volvo-vw-constellation-agrale\/\" \/>\n<meta property=\"og:locale\" content=\"es_ES\" \/>\n<meta property=\"og:type\" content=\"article\" \/>\n<meta property=\"og:title\" content=\"Motor de Arranque Volvo - VW Constellation - Agrale -\" \/>\n<meta property=\"og:description\" content=\"Todos nuestros productos son de primera calidad, vienen en su packaging correspondiente. Hacemos env\u00edos a todo el Pais por correo o encomienda.\" \/>\n<meta property=\"og:url\" content=\"https:\/\/www.powerdiesel.com.ar\/tienda\/producto\/motor-de-arranque-volvo-vw-constellation-agrale\/\" \/>\n<meta property=\"article:modified_time\" content=\"2023-04-08T16:27:54+00:00\" \/>\n<meta property=\"og:image\" content=\"https:\/\/www.powerdiesel.com.ar\/tienda\/wp-content\/uploads\/2023\/04\/LRSC080057.jpg\" \/>\n\t<meta property=\"og:image:width\" content=\"1181\" \/>\n\t<meta property=\"og:image:height\" content=\"1181\" \/>\n\t<meta property=\"og:image:type\" content=\"image\/jpeg\" \/>\n<meta name=\"twitter:card\" content=\"summary_large_image\" \/>\n<meta name=\"twitter:label1\" content=\"Tiempo de lectura\" \/>\n\t<meta name=\"twitter:data1\" content=\"1 minuto\" \/>\n<script type=\"application\/ld+json\" class=\"yoast-schema-graph\">{\"@context\":\"https:\\\/\\\/schema.org\",\"@graph\":[{\"@type\":\"WebPage\",\"@id\":\"https:\\\/\\\/www.powerdiesel.com.ar\\\/tienda\\\/producto\\\/motor-de-arranque-volvo-vw-constellation-agrale\\\/\",\"url\":\"https:\\\/\\\/www.powerdiesel.com.ar\\\/tienda\\\/producto\\\/motor-de-arranque-volvo-vw-constellation-agrale\\\/\",\"name\":\"Motor de Arranque Volvo - VW Constellation - Agrale -\",\"isPartOf\":{\"@id\":\"https:\\\/\\\/www.powerdiesel.com.ar\\\/tienda\\\/#website\"},\"primaryImageOfPage\":{\"@id\":\"https:\\\/\\\/www.powerdiesel.com.ar\\\/tienda\\\/producto\\\/motor-de-arranque-volvo-vw-constellation-agrale\\\/#primaryimage\"},\"image\":{\"@id\":\"https:\\\/\\\/www.powerdiesel.com.ar\\\/tienda\\\/producto\\\/motor-de-arranque-volvo-vw-constellation-agrale\\\/#primaryimage\"},\"thumbnailUrl\":\"https:\\\/\\\/www.powerdiesel.com.ar\\\/tienda\\\/wp-content\\\/uploads\\\/2023\\\/04\\\/LRSC080057.jpg\",\"datePublished\":\"2023-04-08T16:27:53+00:00\",\"dateModified\":\"2023-04-08T16:27:54+00:00\",\"description\":\"Todos nuestros productos son de primera calidad, vienen en su packaging correspondiente. Hacemos env\u00edos a todo el Pais por correo o encomienda.\",\"breadcrumb\":{\"@id\":\"https:\\\/\\\/www.powerdiesel.com.ar\\\/tienda\\\/producto\\\/motor-de-arranque-volvo-vw-constellation-agrale\\\/#breadcrumb\"},\"inLanguage\":\"es\",\"potentialAction\":[{\"@type\":\"ReadAction\",\"target\":[\"https:\\\/\\\/www.powerdiesel.com.ar\\\/tienda\\\/producto\\\/motor-de-arranque-volvo-vw-constellation-agrale\\\/\"]}]},{\"@type\":\"ImageObject\",\"inLanguage\":\"es\",\"@id\":\"https:\\\/\\\/www.powerdiesel.com.ar\\\/tienda\\\/producto\\\/motor-de-arranque-volvo-vw-constellation-agrale\\\/#primaryimage\",\"url\":\"https:\\\/\\\/www.powerdiesel.com.ar\\\/tienda\\\/wp-content\\\/uploads\\\/2023\\\/04\\\/LRSC080057.jpg\",\"contentUrl\":\"https:\\\/\\\/www.powerdiesel.com.ar\\\/tienda\\\/wp-content\\\/uploads\\\/2023\\\/04\\\/LRSC080057.jpg\",\"width\":1181,\"height\":1181},{\"@type\":\"BreadcrumbList\",\"@id\":\"https:\\\/\\\/www.powerdiesel.com.ar\\\/tienda\\\/producto\\\/motor-de-arranque-volvo-vw-constellation-agrale\\\/#breadcrumb\",\"itemListElement\":[{\"@type\":\"ListItem\",\"position\":1,\"name\":\"Portada\",\"item\":\"https:\\\/\\\/www.powerdiesel.com.ar\\\/tienda\\\/\"},{\"@type\":\"ListItem\",\"position\":2,\"name\":\"Repuestos\",\"item\":\"https:\\\/\\\/www.powerdiesel.com.ar\\\/tienda\\\/\"},{\"@type\":\"ListItem\",\"position\":3,\"name\":\"Motor de Arranque Volvo &#8211; VW Constellation &#8211; Agrale\"}]},{\"@type\":\"WebSite\",\"@id\":\"https:\\\/\\\/www.powerdiesel.com.ar\\\/tienda\\\/#website\",\"url\":\"https:\\\/\\\/www.powerdiesel.com.ar\\\/tienda\\\/\",\"name\":\"\",\"description\":\"Compra Asegurada!\",\"potentialAction\":[{\"@type\":\"SearchAction\",\"target\":{\"@type\":\"EntryPoint\",\"urlTemplate\":\"https:\\\/\\\/www.powerdiesel.com.ar\\\/tienda\\\/?s={search_term_string}\"},\"query-input\":{\"@type\":\"PropertyValueSpecification\",\"valueRequired\":true,\"valueName\":\"search_term_string\"}}],\"inLanguage\":\"es\"}]}<\/script>\n<!-- \/ Yoast SEO plugin. -->","yoast_head_json":{"title":"Motor de Arranque Volvo - VW Constellation - Agrale -","description":"Todos nuestros productos son de primera calidad, vienen en su packaging correspondiente. Hacemos env\u00edos a todo el Pais por correo o encomienda.","robots":{"index":"index","follow":"follow","max-snippet":"max-snippet:-1","max-image-preview":"max-image-preview:large","max-video-preview":"max-video-preview:-1"},"canonical":"https:\/\/www.powerdiesel.com.ar\/tienda\/producto\/motor-de-arranque-volvo-vw-constellation-agrale\/","og_locale":"es_ES","og_type":"article","og_title":"Motor de Arranque Volvo - VW Constellation - Agrale -","og_description":"Todos nuestros productos son de primera calidad, vienen en su packaging correspondiente. Hacemos env\u00edos a todo el Pais por correo o encomienda.","og_url":"https:\/\/www.powerdiesel.com.ar\/tienda\/producto\/motor-de-arranque-volvo-vw-constellation-agrale\/","article_modified_time":"2023-04-08T16:27:54+00:00","og_image":[{"width":1181,"height":1181,"url":"https:\/\/www.powerdiesel.com.ar\/tienda\/wp-content\/uploads\/2023\/04\/LRSC080057.jpg","type":"image\/jpeg"}],"twitter_card":"summary_large_image","twitter_misc":{"Tiempo de lectura":"1 minuto"},"schema":{"@context":"https:\/\/schema.org","@graph":[{"@type":"WebPage","@id":"https:\/\/www.powerdiesel.com.ar\/tienda\/producto\/motor-de-arranque-volvo-vw-constellation-agrale\/","url":"https:\/\/www.powerdiesel.com.ar\/tienda\/producto\/motor-de-arranque-volvo-vw-constellation-agrale\/","name":"Motor de Arranque Volvo - VW Constellation - Agrale -","isPartOf":{"@id":"https:\/\/www.powerdiesel.com.ar\/tienda\/#website"},"primaryImageOfPage":{"@id":"https:\/\/www.powerdiesel.com.ar\/tienda\/producto\/motor-de-arranque-volvo-vw-constellation-agrale\/#primaryimage"},"image":{"@id":"https:\/\/www.powerdiesel.com.ar\/tienda\/producto\/motor-de-arranque-volvo-vw-constellation-agrale\/#primaryimage"},"thumbnailUrl":"https:\/\/www.powerdiesel.com.ar\/tienda\/wp-content\/uploads\/2023\/04\/LRSC080057.jpg","datePublished":"2023-04-08T16:27:53+00:00","dateModified":"2023-04-08T16:27:54+00:00","description":"Todos nuestros productos son de primera calidad, vienen en su packaging correspondiente. Hacemos env\u00edos a todo el Pais por correo o encomienda.","breadcrumb":{"@id":"https:\/\/www.powerdiesel.com.ar\/tienda\/producto\/motor-de-arranque-volvo-vw-constellation-agrale\/#breadcrumb"},"inLanguage":"es","potentialAction":[{"@type":"ReadAction","target":["https:\/\/www.powerdiesel.com.ar\/tienda\/producto\/motor-de-arranque-volvo-vw-constellation-agrale\/"]}]},{"@type":"ImageObject","inLanguage":"es","@id":"https:\/\/www.powerdiesel.com.ar\/tienda\/producto\/motor-de-arranque-volvo-vw-constellation-agrale\/#primaryimage","url":"https:\/\/www.powerdiesel.com.ar\/tienda\/wp-content\/uploads\/2023\/04\/LRSC080057.jpg","contentUrl":"https:\/\/www.powerdiesel.com.ar\/tienda\/wp-content\/uploads\/2023\/04\/LRSC080057.jpg","width":1181,"height":1181},{"@type":"BreadcrumbList","@id":"https:\/\/www.powerdiesel.com.ar\/tienda\/producto\/motor-de-arranque-volvo-vw-constellation-agrale\/#breadcrumb","itemListElement":[{"@type":"ListItem","position":1,"name":"Portada","item":"https:\/\/www.powerdiesel.com.ar\/tienda\/"},{"@type":"ListItem","position":2,"name":"Repuestos","item":"https:\/\/www.powerdiesel.com.ar\/tienda\/"},{"@type":"ListItem","position":3,"name":"Motor de Arranque Volvo &#8211; VW Constellation &#8211; Agrale"}]},{"@type":"WebSite","@id":"https:\/\/www.powerdiesel.com.ar\/tienda\/#website","url":"https:\/\/www.powerdiesel.com.ar\/tienda\/","name":"","description":"Compra Asegurada!","potentialAction":[{"@type":"SearchAction","target":{"@type":"EntryPoint","urlTemplate":"https:\/\/www.powerdiesel.com.ar\/tienda\/?s={search_term_string}"},"query-input":{"@type":"PropertyValueSpecification","valueRequired":true,"valueName":"search_term_string"}}],"inLanguage":"es"}]}},"_links":{"self":[{"href":"https:\/\/www.powerdiesel.com.ar\/tienda\/wp-json\/wp\/v2\/product\/5193","targetHints":{"allow":["GET"]}}],"collection":[{"href":"https:\/\/www.powerdiesel.com.ar\/tienda\/wp-json\/wp\/v2\/product"}],"about":[{"href":"https:\/\/www.powerdiesel.com.ar\/tienda\/wp-json\/wp\/v2\/types\/product"}],"wp:featuredmedia":[{"embeddable":true,"href":"https:\/\/www.powerdiesel.com.ar\/tienda\/wp-json\/wp\/v2\/media\/5194"}],"wp:attachment":[{"href":"https:\/\/www.powerdiesel.com.ar\/tienda\/wp-json\/wp\/v2\/media?parent=5193"}],"wp:term":[{"taxonomy":"product_brand","embeddable":true,"href":"https:\/\/www.powerdiesel.com.ar\/tienda\/wp-json\/wp\/v2\/product_brand?post=5193"},{"taxonomy":"product_cat","embeddable":true,"href":"https:\/\/www.powerdiesel.com.ar\/tienda\/wp-json\/wp\/v2\/product_cat?post=5193"},{"taxonomy":"product_tag","embeddable":true,"href":"https:\/\/www.powerdiesel.com.ar\/tienda\/wp-json\/wp\/v2\/product_tag?post=5193"}],"curies":[{"name":"wp","href":"https:\/\/api.w.org\/{rel}","templated":true}]}}