{"id":2530,"date":"2020-12-04T16:49:21","date_gmt":"2020-12-04T19:49:21","guid":{"rendered":"https:\/\/www.powerdiesel.com.ar\/tienda\/?post_type=product&#038;p=2530"},"modified":"2022-03-26T22:49:27","modified_gmt":"2022-03-27T01:49:27","slug":"valvula-egr-citroen-c2-c3-c4-c5-berlingo-xsara-1-6-hdi","status":"publish","type":"product","link":"https:\/\/www.powerdiesel.com.ar\/tienda\/producto\/valvula-egr-citroen-c2-c3-c4-c5-berlingo-xsara-1-6-hdi\/","title":{"rendered":"Valvula EGR Citroen C2 C3 C4 C5 Berlingo Xsara 1.6 HDI"},"content":{"rendered":"<table class=\"table table-striped push-top\">\n<tbody>\n<tr>\n<th>Marca:<\/th>\n<td>Engine Pro<\/td>\n<\/tr>\n<tr>\n<th>Estado<\/th>\n<td>Nuevo cerrado en caja<\/td>\n<\/tr>\n<tr>\n<th>Garantia<\/th>\n<td>Si, Cambio por falla<\/td>\n<\/tr>\n<tr>\n<th>Aplicacion<\/th>\n<td><span style=\"color: #ff6600;\"><strong><em>CITROEN<\/em><\/strong><\/span><br \/>\nXsara 1.6 HDI 2004&lt;<br \/>\nC2 1.6 HDI 2004&lt;<br \/>\nJumpy 1.6 HDI 2007&lt;<br \/>\nC5 1.6 HDI 2004&lt;<br \/>\nC4 1.6 HDI 2004&lt;<br \/>\nC3 1.6 HDI &#8211; 1.6 16V HDI 2005&lt;<br \/>\nBerlingo 1.6 HDI 2005&lt;<br \/>\n<span style=\"color: #ff6600;\"><strong><em>FORD<\/em><\/strong><\/span><br \/>\nFiesta 1.6 HDI 2004&lt;<br \/>\nFocus 1.6 HDI 2004&lt;<br \/>\nC-Max 1.6 HDI 2007&lt;<br \/>\n<span style=\"color: #ff6600;\"><strong><em>PEUGEOT<\/em><\/strong><\/span><br \/>\nExpert 1.6 HDI 2007&lt;<br \/>\n407 1.6 HDI 2004&lt;<br \/>\n206 1.6 HDI 2004&lt;<br \/>\n307 1.6 HDI 2004&lt;<br \/>\nPartner 1.6 HDI 2006&lt;<br \/>\n207 1.6 HDI 2007&lt;<br \/>\n308 1.6 HDI 2007&lt;<\/td>\n<\/tr>\n<\/tbody>\n<\/table>\n","protected":false},"excerpt":{"rendered":"<p><strong>DESCRIPCION:<\/strong> V\u00e1lvula EGR<\/p>\n<p><strong>APLICACION:<\/strong><br \/>\n<span style=\"color: #ff6600;\"><strong><em>CITROEN<\/em><\/strong><\/span><br \/>\n&#8211; Xsara 1.6 HDI 2004&lt;<br \/>\n&#8211; C2 1.6 HDI 2004&lt;<br \/>\n&#8211; Jumpy 1.6 HDI 2007&lt;<br \/>\n&#8211; C5 1.6 HDI 2004&lt;<br \/>\n&#8211; C4 1.6 HDI 2004&lt;<br \/>\n&#8211; C3 1.6 HDI &#8211; 1.6 16V HDI 2005&lt;<br \/>\n&#8211; Berlingo 1.6 HDI 2005&lt;<br \/>\n<span style=\"color: #ff6600;\"><strong><em>FORD<\/em><\/strong><\/span><br \/>\n&#8211; Fiesta 1.6 HDI 2004&lt;<br \/>\n&#8211; Focus 1.6 HDI 2004&lt;<br \/>\n&#8211; C-Max 1.6 HDI 2007&lt;<br \/>\n<span style=\"color: #ff6600;\"><strong><em>PEUGEOT<\/em><\/strong><\/span><br \/>\n&#8211; Expert 1.6 HDI 2007&lt;<br \/>\n&#8211; 407 1.6 HDI 2004&lt;<br \/>\n&#8211; 206 1.6 HDI 2004&lt;<br \/>\n&#8211; 307 1.6 HDI 2004&lt;<br \/>\n&#8211; Partner 1.6 HDI 2006&lt;<br \/>\n&#8211; 207 1.6 HDI 2007&lt;<br \/>\n&#8211; 308 1.6 HDI 2007&lt;<\/p>\n<p>&nbsp;<\/p>\n<p><strong>REFERENCIAS ORIGINALES:<\/strong><br \/>\n<span style=\"color: #ff6600;\"><strong><em>SUZUKI:<\/em><\/strong><\/span> 1852069K02<br \/>\n<span style=\"color: #ff6600;\"><strong><em>PEUGEOT:<\/em><\/strong><\/span> 161859 \/ 1618NR \/ 9672880080<br \/>\n<span style=\"color: #ff6600;\"><strong><em>FORD:<\/em><\/strong><\/span> 1682737 \/ 5S6Q9D475AE \/ 11717804950 \/ 36001412<\/p>\n<p>&nbsp;<\/p>\n<p><strong>MARCA:<\/strong> Engine Pro<br \/>\n<strong>CODIGO:<\/strong> 99126<br \/>\n<strong>ESTADO:<\/strong> Nuevo, cerrado en caja.<br \/>\n&#8212;&#8212;&#8212;&#8212;&#8212;&#8212;&#8212;&#8212;&#8212;&#8212;&#8212;&#8212;&#8212;&#8212;&#8212;&#8212;&#8212;&#8212;&#8212;<\/p>\n<p><strong>FORMAS DE ENV\u00cdO:<\/strong><br \/>\n-Env\u00edos a todo el pa\u00eds por Mercado Env\u00edos O Micro encomienda<br \/>\nNota: Embalamos tus productos de forma segura para no sufrir da\u00f1os en \u00e9l envi\u00f3.<br \/>\n&#8212;&#8212;&#8212;&#8212;&#8212;&#8212;&#8212;&#8212;&#8212;&#8212;&#8212;&#8212;&#8212;&#8212;&#8212;&#8212;&#8212;&#8212;&#8212;<\/p>\n<p><strong>FORMAS DE PAGO:<\/strong><br \/>\n&#8211; Transferencia Bancaria<br \/>\n&#8211; Tarjeta Debito \/ Credito (Mercado Pago)<br \/>\n&#8211; Rapipago \/ Pagofacil<br \/>\n&#8212;&#8212;&#8212;&#8212;&#8212;&#8212;&#8212;&#8212;&#8212;&#8212;&#8212;&#8212;&#8212;&#8212;&#8212;&#8212;&#8212;&#8212;&#8212;<\/p>\n<p><strong>UBICACI\u00d3N:<\/strong><br \/>\nEstamos ubicados en Rosario (Santa Fe) Zona sur<br \/>\n&#8212;&#8212;&#8212;&#8212;&#8212;&#8212;&#8212;&#8212;&#8212;&#8212;&#8212;&#8212;&#8212;&#8212;&#8212;&#8212;&#8212;&#8212;&#8212;<\/p>\n<p><strong>FACTURACION:<\/strong><br \/>\n-Emitimos Facturas A y B.<br \/>\n&#8212;&#8212;&#8212;&#8212;&#8212;&#8212;&#8212;&#8212;&#8212;&#8212;&#8212;&#8212;&#8212;&#8212;&#8212;&#8212;&#8212;&#8212;&#8212;<\/p>\n<p><strong>HORARIOS:<\/strong><br \/>\n-Lunes a Viernes de 09:00 a 18:00Hs<br \/>\n&#8212;&#8212;&#8212;&#8212;&#8212;&#8212;&#8212;&#8212;&#8212;&#8212;&#8212;&#8212;&#8212;&#8212;&#8212;&#8212;&#8212;&#8212;&#8212;<\/p>\n","protected":false},"featured_media":2524,"template":"","meta":{"_joinchat":[]},"product_brand":[],"product_cat":[143],"product_tag":[],"class_list":{"0":"post-2530","1":"product","2":"type-product","3":"status-publish","4":"has-post-thumbnail","6":"product_cat-valvulas-egr","8":"first","9":"instock","10":"taxable","11":"shipping-taxable","12":"product-type-simple"},"yoast_head":"<!-- This site is optimized with the Yoast SEO plugin v27.4 - https:\/\/yoast.com\/product\/yoast-seo-wordpress\/ -->\n<title>Valvula EGR Citroen C2 C3 C4 C5 Berlingo Xsara 1.6 HDI<\/title>\n<meta name=\"description\" content=\"Todos nuestros productos son de primera calidad, vienen en su packaging correspondiente. Envios a todo el Pais.\" \/>\n<meta name=\"robots\" content=\"index, follow, max-snippet:-1, max-image-preview:large, max-video-preview:-1\" \/>\n<link rel=\"canonical\" href=\"https:\/\/www.powerdiesel.com.ar\/tienda\/producto\/valvula-egr-citroen-c2-c3-c4-c5-berlingo-xsara-1-6-hdi\/\" \/>\n<meta property=\"og:locale\" content=\"es_ES\" \/>\n<meta property=\"og:type\" content=\"article\" \/>\n<meta property=\"og:title\" content=\"Valvula EGR Citroen C2 C3 C4 C5 Berlingo Xsara 1.6 HDI\" \/>\n<meta property=\"og:description\" content=\"Todos nuestros productos son de primera calidad, vienen en su packaging correspondiente. Envios a todo el Pais.\" \/>\n<meta property=\"og:url\" content=\"https:\/\/www.powerdiesel.com.ar\/tienda\/producto\/valvula-egr-citroen-c2-c3-c4-c5-berlingo-xsara-1-6-hdi\/\" \/>\n<meta property=\"article:modified_time\" content=\"2022-03-27T01:49:27+00:00\" \/>\n<meta property=\"og:image\" content=\"https:\/\/www.powerdiesel.com.ar\/tienda\/wp-content\/uploads\/2020\/12\/DSC_0678.jpg\" \/>\n\t<meta property=\"og:image:width\" content=\"1024\" \/>\n\t<meta property=\"og:image:height\" content=\"683\" \/>\n\t<meta property=\"og:image:type\" content=\"image\/jpeg\" \/>\n<meta name=\"twitter:card\" content=\"summary_large_image\" \/>\n<script type=\"application\/ld+json\" class=\"yoast-schema-graph\">{\"@context\":\"https:\\\/\\\/schema.org\",\"@graph\":[{\"@type\":\"WebPage\",\"@id\":\"https:\\\/\\\/www.powerdiesel.com.ar\\\/tienda\\\/producto\\\/valvula-egr-citroen-c2-c3-c4-c5-berlingo-xsara-1-6-hdi\\\/\",\"url\":\"https:\\\/\\\/www.powerdiesel.com.ar\\\/tienda\\\/producto\\\/valvula-egr-citroen-c2-c3-c4-c5-berlingo-xsara-1-6-hdi\\\/\",\"name\":\"Valvula EGR Citroen C2 C3 C4 C5 Berlingo Xsara 1.6 HDI\",\"isPartOf\":{\"@id\":\"https:\\\/\\\/www.powerdiesel.com.ar\\\/tienda\\\/#website\"},\"primaryImageOfPage\":{\"@id\":\"https:\\\/\\\/www.powerdiesel.com.ar\\\/tienda\\\/producto\\\/valvula-egr-citroen-c2-c3-c4-c5-berlingo-xsara-1-6-hdi\\\/#primaryimage\"},\"image\":{\"@id\":\"https:\\\/\\\/www.powerdiesel.com.ar\\\/tienda\\\/producto\\\/valvula-egr-citroen-c2-c3-c4-c5-berlingo-xsara-1-6-hdi\\\/#primaryimage\"},\"thumbnailUrl\":\"https:\\\/\\\/www.powerdiesel.com.ar\\\/tienda\\\/wp-content\\\/uploads\\\/2020\\\/12\\\/DSC_0678.jpg\",\"datePublished\":\"2020-12-04T19:49:21+00:00\",\"dateModified\":\"2022-03-27T01:49:27+00:00\",\"description\":\"Todos nuestros productos son de primera calidad, vienen en su packaging correspondiente. Envios a todo el Pais.\",\"breadcrumb\":{\"@id\":\"https:\\\/\\\/www.powerdiesel.com.ar\\\/tienda\\\/producto\\\/valvula-egr-citroen-c2-c3-c4-c5-berlingo-xsara-1-6-hdi\\\/#breadcrumb\"},\"inLanguage\":\"es\",\"potentialAction\":[{\"@type\":\"ReadAction\",\"target\":[\"https:\\\/\\\/www.powerdiesel.com.ar\\\/tienda\\\/producto\\\/valvula-egr-citroen-c2-c3-c4-c5-berlingo-xsara-1-6-hdi\\\/\"]}]},{\"@type\":\"ImageObject\",\"inLanguage\":\"es\",\"@id\":\"https:\\\/\\\/www.powerdiesel.com.ar\\\/tienda\\\/producto\\\/valvula-egr-citroen-c2-c3-c4-c5-berlingo-xsara-1-6-hdi\\\/#primaryimage\",\"url\":\"https:\\\/\\\/www.powerdiesel.com.ar\\\/tienda\\\/wp-content\\\/uploads\\\/2020\\\/12\\\/DSC_0678.jpg\",\"contentUrl\":\"https:\\\/\\\/www.powerdiesel.com.ar\\\/tienda\\\/wp-content\\\/uploads\\\/2020\\\/12\\\/DSC_0678.jpg\",\"width\":1024,\"height\":683},{\"@type\":\"BreadcrumbList\",\"@id\":\"https:\\\/\\\/www.powerdiesel.com.ar\\\/tienda\\\/producto\\\/valvula-egr-citroen-c2-c3-c4-c5-berlingo-xsara-1-6-hdi\\\/#breadcrumb\",\"itemListElement\":[{\"@type\":\"ListItem\",\"position\":1,\"name\":\"Portada\",\"item\":\"https:\\\/\\\/www.powerdiesel.com.ar\\\/tienda\\\/\"},{\"@type\":\"ListItem\",\"position\":2,\"name\":\"Repuestos\",\"item\":\"https:\\\/\\\/www.powerdiesel.com.ar\\\/tienda\\\/\"},{\"@type\":\"ListItem\",\"position\":3,\"name\":\"Valvula EGR Citroen C2 C3 C4 C5 Berlingo Xsara 1.6 HDI\"}]},{\"@type\":\"WebSite\",\"@id\":\"https:\\\/\\\/www.powerdiesel.com.ar\\\/tienda\\\/#website\",\"url\":\"https:\\\/\\\/www.powerdiesel.com.ar\\\/tienda\\\/\",\"name\":\"\",\"description\":\"Compra Asegurada!\",\"potentialAction\":[{\"@type\":\"SearchAction\",\"target\":{\"@type\":\"EntryPoint\",\"urlTemplate\":\"https:\\\/\\\/www.powerdiesel.com.ar\\\/tienda\\\/?s={search_term_string}\"},\"query-input\":{\"@type\":\"PropertyValueSpecification\",\"valueRequired\":true,\"valueName\":\"search_term_string\"}}],\"inLanguage\":\"es\"}]}<\/script>\n<!-- \/ Yoast SEO plugin. -->","yoast_head_json":{"title":"Valvula EGR Citroen C2 C3 C4 C5 Berlingo Xsara 1.6 HDI","description":"Todos nuestros productos son de primera calidad, vienen en su packaging correspondiente. Envios a todo el Pais.","robots":{"index":"index","follow":"follow","max-snippet":"max-snippet:-1","max-image-preview":"max-image-preview:large","max-video-preview":"max-video-preview:-1"},"canonical":"https:\/\/www.powerdiesel.com.ar\/tienda\/producto\/valvula-egr-citroen-c2-c3-c4-c5-berlingo-xsara-1-6-hdi\/","og_locale":"es_ES","og_type":"article","og_title":"Valvula EGR Citroen C2 C3 C4 C5 Berlingo Xsara 1.6 HDI","og_description":"Todos nuestros productos son de primera calidad, vienen en su packaging correspondiente. Envios a todo el Pais.","og_url":"https:\/\/www.powerdiesel.com.ar\/tienda\/producto\/valvula-egr-citroen-c2-c3-c4-c5-berlingo-xsara-1-6-hdi\/","article_modified_time":"2022-03-27T01:49:27+00:00","og_image":[{"width":1024,"height":683,"url":"https:\/\/www.powerdiesel.com.ar\/tienda\/wp-content\/uploads\/2020\/12\/DSC_0678.jpg","type":"image\/jpeg"}],"twitter_card":"summary_large_image","schema":{"@context":"https:\/\/schema.org","@graph":[{"@type":"WebPage","@id":"https:\/\/www.powerdiesel.com.ar\/tienda\/producto\/valvula-egr-citroen-c2-c3-c4-c5-berlingo-xsara-1-6-hdi\/","url":"https:\/\/www.powerdiesel.com.ar\/tienda\/producto\/valvula-egr-citroen-c2-c3-c4-c5-berlingo-xsara-1-6-hdi\/","name":"Valvula EGR Citroen C2 C3 C4 C5 Berlingo Xsara 1.6 HDI","isPartOf":{"@id":"https:\/\/www.powerdiesel.com.ar\/tienda\/#website"},"primaryImageOfPage":{"@id":"https:\/\/www.powerdiesel.com.ar\/tienda\/producto\/valvula-egr-citroen-c2-c3-c4-c5-berlingo-xsara-1-6-hdi\/#primaryimage"},"image":{"@id":"https:\/\/www.powerdiesel.com.ar\/tienda\/producto\/valvula-egr-citroen-c2-c3-c4-c5-berlingo-xsara-1-6-hdi\/#primaryimage"},"thumbnailUrl":"https:\/\/www.powerdiesel.com.ar\/tienda\/wp-content\/uploads\/2020\/12\/DSC_0678.jpg","datePublished":"2020-12-04T19:49:21+00:00","dateModified":"2022-03-27T01:49:27+00:00","description":"Todos nuestros productos son de primera calidad, vienen en su packaging correspondiente. Envios a todo el Pais.","breadcrumb":{"@id":"https:\/\/www.powerdiesel.com.ar\/tienda\/producto\/valvula-egr-citroen-c2-c3-c4-c5-berlingo-xsara-1-6-hdi\/#breadcrumb"},"inLanguage":"es","potentialAction":[{"@type":"ReadAction","target":["https:\/\/www.powerdiesel.com.ar\/tienda\/producto\/valvula-egr-citroen-c2-c3-c4-c5-berlingo-xsara-1-6-hdi\/"]}]},{"@type":"ImageObject","inLanguage":"es","@id":"https:\/\/www.powerdiesel.com.ar\/tienda\/producto\/valvula-egr-citroen-c2-c3-c4-c5-berlingo-xsara-1-6-hdi\/#primaryimage","url":"https:\/\/www.powerdiesel.com.ar\/tienda\/wp-content\/uploads\/2020\/12\/DSC_0678.jpg","contentUrl":"https:\/\/www.powerdiesel.com.ar\/tienda\/wp-content\/uploads\/2020\/12\/DSC_0678.jpg","width":1024,"height":683},{"@type":"BreadcrumbList","@id":"https:\/\/www.powerdiesel.com.ar\/tienda\/producto\/valvula-egr-citroen-c2-c3-c4-c5-berlingo-xsara-1-6-hdi\/#breadcrumb","itemListElement":[{"@type":"ListItem","position":1,"name":"Portada","item":"https:\/\/www.powerdiesel.com.ar\/tienda\/"},{"@type":"ListItem","position":2,"name":"Repuestos","item":"https:\/\/www.powerdiesel.com.ar\/tienda\/"},{"@type":"ListItem","position":3,"name":"Valvula EGR Citroen C2 C3 C4 C5 Berlingo Xsara 1.6 HDI"}]},{"@type":"WebSite","@id":"https:\/\/www.powerdiesel.com.ar\/tienda\/#website","url":"https:\/\/www.powerdiesel.com.ar\/tienda\/","name":"","description":"Compra Asegurada!","potentialAction":[{"@type":"SearchAction","target":{"@type":"EntryPoint","urlTemplate":"https:\/\/www.powerdiesel.com.ar\/tienda\/?s={search_term_string}"},"query-input":{"@type":"PropertyValueSpecification","valueRequired":true,"valueName":"search_term_string"}}],"inLanguage":"es"}]}},"_links":{"self":[{"href":"https:\/\/www.powerdiesel.com.ar\/tienda\/wp-json\/wp\/v2\/product\/2530","targetHints":{"allow":["GET"]}}],"collection":[{"href":"https:\/\/www.powerdiesel.com.ar\/tienda\/wp-json\/wp\/v2\/product"}],"about":[{"href":"https:\/\/www.powerdiesel.com.ar\/tienda\/wp-json\/wp\/v2\/types\/product"}],"wp:featuredmedia":[{"embeddable":true,"href":"https:\/\/www.powerdiesel.com.ar\/tienda\/wp-json\/wp\/v2\/media\/2524"}],"wp:attachment":[{"href":"https:\/\/www.powerdiesel.com.ar\/tienda\/wp-json\/wp\/v2\/media?parent=2530"}],"wp:term":[{"taxonomy":"product_brand","embeddable":true,"href":"https:\/\/www.powerdiesel.com.ar\/tienda\/wp-json\/wp\/v2\/product_brand?post=2530"},{"taxonomy":"product_cat","embeddable":true,"href":"https:\/\/www.powerdiesel.com.ar\/tienda\/wp-json\/wp\/v2\/product_cat?post=2530"},{"taxonomy":"product_tag","embeddable":true,"href":"https:\/\/www.powerdiesel.com.ar\/tienda\/wp-json\/wp\/v2\/product_tag?post=2530"}],"curies":[{"name":"wp","href":"https:\/\/api.w.org\/{rel}","templated":true}]}}